 16/(-8) - (-5 - (2 + -2)). Give o(d).
4
Let q(o) = -o**3 + 5*o**2 + 5*o. Let a be q(6). Let p(r) = r**3 + 5*r**2 - 7*r - 8. Calculate p(a).
-2
Suppose 0 = -4*d + 16 + 4. Suppose -d*z + 2*z = 6. Let r(h) = -9*h - 14. Let j(i) = 6*i + 9. Let t(k) = -8*j(k) - 5*r(k). Give t(z).
4
Let h = 2 - 9. Let x = -8 - 1. Let s = x - h. Let b(l) = -3*l**2 - l + 1. What is b(s)?
-9
Let g = 0 - -1. Suppose 2*q - a - g = 0, 4*q + 4 = 4*a - 4. Let y(b) = -1 - 4 + 4 + b**2 - 10*b**q. What is y(-1)?
10
Let x = -5 - -1. Let j(g) be the first derivative of g**3/3 + 2*g**2 - 3*g + 1. Determine j(x).
-3
Let k be 2/(9/6 + -2). Let g(u) = -u**3 - 5*u**2 - 5*u - 6. Determine g(k).
-2
Let b(g) = -2 + 5 + 9*g + 5 - 6. Calculate b(2).
20
Let d(v) = -7*v**3 + 2*v + 1. Let u(y) = 2 + 0 + 6 - y + 2*y. Let k be u(-9). Give d(k).
6
Let j be (-5)/(-1) + -5 + 3. Suppose -b = -j*b. Let x(a) = -3*a + b - 1 + a**2 + 2. Determine x(1).
-1
Let x(k) = -14*k + 7. Let c(n) = -7*n + 4. Let h(m) = -7*c(m) + 4*x(m). What is h(-1)?
7
Let q(o) = -o**2 - 2*o - 2. Let v be q(-2). Let r(j) be the second derivative of -j**5/20 + j**4/12 + j**3/6 - j**2/2 - 14*j. Give r(v).
9
Let q(x) = x**2 - 17 + 0*x + 12 + 4*x. Calculate q(-5).
0
Let f(q) be the second derivative of -q**4/12 + 2*q**3/3 - 2*q**2 + 5*q. Give f(5).
-9
Let q(a) = a**2 - 6*a + 6. Let w(z) = z**3 - 3*z**2 + 6*z - 3. Let n be w(2). What is q(n)?
1
Let i(l) = -1. Let c(k) = 4*k**2 - 10*k + 2. Let q(j) = 0 - 11*j + 5*j**2 + 4 - 2. Let m(p) = 6*c(p) - 5*q(p). Let v(f) = 3*i(f) + m(f). Give v(-4).
3
Let g be (2/(-4))/(2/(-12)). Let v be 2 + ((-6)/g - -2). Let q(a) = -a**3 - a + 1. Give q(v).
-9
Let v(u) = 1 - 4 + 2 - u + 3. Let w(s) = 3*s - 5. Let h(z) = 11*v(z) + 4*w(z). Let g = 15 - 10. Give h(g).
7
Let k be (-153)/36 - (-3)/12. Let j(w) = w**3 + 3*w**2 - w + 3. What is j(k)?
-9
Let i(x) = 8 + 0*x**2 - 3*x**2 - 11 + 2. Determine i(1).
-4
Let g(w) = -2*w + 9. Let r(n) = n - 1. Let k(l) = -g(l) - r(l). Suppose 37 - 4 = 5*f - 2*i, 3*f - 3*i - 27 = 0. What is k(f)?
-3
Let r(z) = -z**2 + 6*z - 6. Let u(i) = 5*i + 1. Let w(n) = -5*n - 1. Let s(v) = 4*u(v) + 3*w(v). Let k be s(1). Calculate r(k).
-6
Let q(v) = -v - 2. Suppose -2*p + 4*p + w + 11 = 0, -23 = 5*p + w. Let c be (p/12)/(2/18). Determine q(c).
1
Suppose 5*n - 5*a = -0*a - 20, 2*n + 15 = -5*a. Let u(f) = f**3 + 7*f**2 + 5*f - 6. Give u(n).
19
Let n(t) = t. Let a(c) be the first derivative of -9*c**2/2 + c - 6. Let k(m) = a(m) + 4*n(m). Calculate k(1).
-4
Let x(m) = m**3 + 6*m**2 - 6*m + 9. Let d be x(-7). Let f(o) = -1 + 1 - d - o + 0. Determine f(-6).
4
Let s(g) = g**3 + 3*g**2 - g + 3. Let b(x) = -7*x - 2. Let w be 64/12 + 1/(-3). Let d(v) = 3*v + 1. Let u(k) = w*d(k) + 2*b(k). Let z be u(-4). Calculate s(z).
6
Let c(r) = -r**2 + 6*r + 2. Let w(m) = -m**3 + 7*m**2 - 4*m - 6. Let b be (1 + (-3)/2)*-12. Let p be w(b). Determine c(p).
2
Suppose -5*p - 1 + 16 = 0. Let x(i) = -i**3 - i**2 + 2*i - 1. Let b(j) = -j**3 - 6*j**2 + 6*j. Let q(a) = -b(a) + 2*x(a). Give q(p).
1
Let f(i) = 4*i - 1. Let m(q) be the third derivative of q**5/60 + q**3/3 + q**2. Let o be 21/(-35) - (-3)/5. Let b be m(o). Calculate f(b).
7
Let f(a) = -a**2 - a - 4. Let s = 54 + -54. What is f(s)?
-4
Let i(c) = c + 9. Let a be i(-7). Let q(s) be the second derivative of 1/6*s**3 + 0 + s + 5/2*s**a. Determine q(-5).
0
Let g = 6 + -4. Suppose 5*u = 3*u + 16. Let k(x) = x + 3 - g - u*x. What is k(1)?
-6
Let y(r) = r**2 + 4*r - 2. Let u be y(-4). Let k(m) = -m - 3. Calculate k(u).
-1
Let n(y) = y**3 - 4*y**2 - 3*y - 6. Suppose 0 = -3*j - 5*d + 10, 5*j = -3*d + d + 23. What is n(j)?
4
Let f(p) = p - 1. Let j(q) = -2*q + 5. Let x(t) = 4*f(t) + j(t). Give x(-6).
-11
Let c(h) be the third derivative of h**6/120 + h**5/30 - h**4/6 + 2*h**3/3 - h**2 + 61. Suppose 2*q + z = -2*q - 20, 3*q - 8 = 5*z. Give c(q).
-12
Let r(o) = -o**3 + 8*o**2 - 7*o. Let j be r(7). Let a(u) = 5 - u + 11*u**2 - u**3 - 10*u**2 - 2. What is a(j)?
3
Let n(q) be the second derivative of 1/20*q**5 + 1/2*q**2 + 0 + 0*q**3 - 1/12*q**4 - 10*q. Calculate n(-1).
-1
Let r(m) be the second derivative of m**3 + 0 + 15/2*m**2 + m. Let f(q) = -q - 3. Let i(s) = 11*f(s) + 2*r(s). Calculate i(-5).
-8
Let i(s) be the third derivative of -s**6/60 + s**5/30 + s**4/24 + 24*s**2. Suppose 3*d = -12, 4*z + 4*d + 18 = 5*z. Calculate i(z).
-6
Let v(u) = u**3 + 6*u**2 - u - 2. Let n be ((-6)/4)/((-5)/(-20)). Calculate v(n).
4
Let q(f) = 3*f + 4. Suppose -5*m = a + 22, -m - 2*m = a + 14. Determine q(m).
-8
Let x(u) = u**2 - u - 2. Let p(b) = -5*b**2 + 5*b + 9. Let z(g) = -2*p(g) - 9*x(g). Let k(i) = 2*i**3 - 2*i + 1. Let t be k(1). Calculate z(t).
0
Suppose 0 = -9*x + 4*x + 5. Suppose -2*c + 0*c - 4 = 0. Let o be 6/4*c/x. Let p(f) = 2*f - 1. Give p(o).
-7
Let g = 2 - 1. Let o(l) = 1. Let t(v) = v**2 + 5*v + 5. Let m be t(-4). Let w(q) = 10*q + 5. Let s(n) = m*w(n) - 5*o(n). Give s(g).
10
Suppose -5*c - 17 = -4*q, 0*q + 2*q + 24 = -4*c. Let y = 3 + c. Let n(z) = 9 - 4*z - 8 + 0*z. Determine n(y).
9
Suppose -5*v + 4*v + 6 = 0. Let o(g) = g**3 - 7*g**2 + 5*g. Calculate o(v).
-6
Let y(p) = 2*p + 6. Let m be (10/6)/5*-12. Calculate y(m).
-2
Let a(l) = -l**3 + 8*l**2 + 9*l - 5. Suppose 3*g = 6 + 21. Determine a(g).
-5
Let v be ((-18)/(-4))/((-4)/(-8)). Let r be (-1)/(-1)*v/3. Let q(p) = 3*p**2 + r*p**3 - 2*p**3 + 2*p**2 + 5 + p. Calculate q(-5).
0
Let m(q) = -3*q. Let k = 1 + -1. Let a(i) = -i**3 + i - 1. Let g(v) = -3*v**3 + v**2 + 5*v - 3. Let f(o) = -4*a(o) + g(o). Let d be f(k). Give m(d).
-3
Suppose 0 = -2*a - 2*i + 50, 0*a - 2*a - 4*i = -44. Let d = a - 18. Let h be (12/10)/(d/(-25)). Let y(q) = q**2 + 4*q + 2. Calculate y(h).
-1
Suppose -12 + 4 = -4*o. Let n be (-10)/4 - (-1)/o. Let d(h) = -2*h - 2. Let m be d(n). Let v(p) = -p**3 + 2*p**2 - 2. Calculate v(m).
-2
Suppose 4*i = y + 17, -3*y = -2*y - 3. Let b(z) = z + 6. Calculate b(i).
11
Let n(r) = -53 + 7*r - 2*r**2 + 3*r**2 + 54. Suppose 0*v + 15 = -3*v. What is n(v)?
-9
Let l(g) = g**3 - g**2 + 2*g - 3. Let r be l(2). Let m = r - 0. Let o(u) = 3 + 4 + u - m + 0*u. Give o(-2).
0
Let z(y) be the first derivative of y**4/12 + y**3/6 + y**2/2 + 2. Let p(d) be the second derivative of z(d). Suppose 6 = -2*v + 8. What is p(v)?
3
Suppose 2*z + 5*l = -z - 19, 8 = -4*l. Let g(v) be the first derivative of -v**5/60 - v**4/24 + v**3/3 - 2. Let f(q) be the third derivative of g(q). Give f(z).
5
Let t be -2*3*(48/(-9))/8. Let c(i) = i**3 - 5*i**2 + 5*i - 3. Give c(t).
1
Let y(f) = -4 - 5*f - f + f + 0*f. What is y(5)?
-29
Let x = 1 - 2. Let i(u) be the second derivative of -u**5/2 - u**3/6 - u. What is i(x)?
11
Let j(n) = n**2 - 3*n - 4. Let o = 5 - 1. Determine j(o).
0
Suppose -3*l - 11 = -4*d - 0, -5*l = -3*d + 22. Let u(r) = 4*r. Calculate u(d).
-4
Let s(h) = -h**2 - 11*h + 4. Let a(c) = -2*c**2 - 12*c + 3. Let z(x) = -2*a(x) + 3*s(x). What is z(7)?
-8
Suppose m - 5*j = -16, 4*m + 4 = -j + 6*j. Suppose -5*b = -5*x, -2*x = -m*b - 0 + 8. Let t(n) = -2*n + 3. Calculate t(x).
-5
Let r(n) = n - 4. Let d be 3 + 4 + 16/(-4). What is r(d)?
-1
Let u(i) be the second derivative of i**6/720 - i**5/15 + 5*i**4/12 - 4*i. Let l(k) be the third derivative of u(k). What is l(0)?
-8
Suppose -2*o - 11*o + 91 = 0. Let p(v) = -v**2 - 3 + 7*v + 3*v**2 - 3*v**2. Calculate p(o).
-3
Let d(n) = -n**3 - 9*n**2 - 8*n + 9. Suppose -t - 2*l + 8 = -2*t, 0 = -2*t - 5*l - 16. Calculate d(t).
9
Let q be -1*(-2)/((-2)/(-2)). Let o(a) = -2*a + 9*a**2 - 3*a**2 + 1 - 5*a**2. Determine o(q).
1
Suppose -3*i - n = -2*n - 10, 2*n = 10. Let m be (12/i)/((-18)/60). Let u(x) = -x - 3. Give u(m).
5
Suppose -4*p - 10 = 3*b, -5*p + 0 = b + 18. Suppose -6*u + 24 = b*t - u, 5*u - 28 = -4*t. Let v(c) = -c - 7 - 1 - 3*c**2 - c**t + 6 - c**3. Calculate v(-4).
2
Let a(o) = 2*o**3 + 2*o**2 - 2*o + 1. Let h be a(1). Let f(p) = h*p + 0*p**2 + 3*p + p**3 - 4*p + 4 - 4*p**2. What is f(3)?
1
Suppose 3*a = -5*t + 24, -3*a = -7*t + 2*t + 36. Let l(s) = 12 + 14 + 8*s - 34 + s**3 - 7*s**2. Give l(t).
4
Let w(z) = 0 - 2 + 0 - 2*z + z. Give w(5).
-7
Let q(y) be the third derivative of -y**5/60 - y**4/8 - y**3/3 - 2*y**2. Determine q(-4).
-6
Let r(p) = -4*p**2 - 2*p**2 + 11*p - p**2 - 12 + 6*p**2. What is r(9)?
6
Let q be 4/(-10) - 486/(-15). Let c be (-2)/(-9) - q/(-18). Suppose c = 4*z + 6.